ime factors of g?
2, 3
Let u = 3053 + -2854. What are the prime factors of u?
199
Let s = 20128 + -11788. What are the prime factors of s?
2, 3, 5, 139
Let q(w) = 10*w**3 + 14*w - 54. Let j be q(5). Suppose -3*x = 3*p - 972, -4*p - 2*x + 36 = -j. What are the prime factors of p?
3, 109
Let q(j) = -j**3 - 18*j**2 - 66*j + 2. Let u be q(-5). What are the prime factors of 2/u + (-71800)/(-70) + -3?
3, 11, 31
Let b = -59872 + 102575. What are the prime factors of b?
42703
Let q(m) = -864 + 454 + 450 - 73*m. What are the prime factors of q(-22)?
2, 823
Suppose j - 10*j - 6336 = 0. Let f = j - -1173. What are the prime factors of f?
7, 67
Let k(q) = -4*q**2 + 46*q - 48*q + 13 + 9*q**2 + q**3. What are the prime factors of k(5)?
11, 23
Let z(c) = 16*c**2 - 221*c - 457. What are the prime factors of z(-60)?
23, 3061
Suppose 25*t - 29*t - 3*v + 47751 = 0, -59685 = -5*t - 3*v. What are the prime factors of t?
2, 3, 13, 17
Let q(r) = -r**2 + 9*r - 7. Let v be q(8). Let y be (-4)/v + (-8 - -7)*2. What are the prime factors of 31/(28/y - -5)?
3, 31
What are the prime factors of 0 - 0 - ((-10)/105 + 796732/(-84))?
5, 7, 271
Suppose -2*d = -4*n + 2*d + 36, 0 = 4*n - 2*d - 34. Suppose n*w = -w - 36. List the prime factors of w + (-404)/(-4) + 4.
101
Let j(y) = 4*y**2 - 3*y - 5. Suppose 0 = 12*f - 15*f + 12. Suppose -29 = -f*h - 13. What are the prime factors of j(h)?
47
Let m(x) = -4*x - 6. Suppose 5*z + 1 = -p, 2*p - 7*p = z + 5. Let y be m(z). Let h = 35 + y. What are the prime factors of h?
29
Let y = -1423 + 2127. Suppose y = 3*q - 1. What are the prime factors of q?
5, 47
Suppose 12*o - 5*t - 14600 = 10*o, -o - t = -7286. List the prime factors of o.
2, 3, 5
Suppose 34*z = 29*z - 27*z + 98240. List the prime factors of z.
2, 5, 307
Let b(t) = 8572*t + 4332. List the prime factors of b(7).
2, 4021
Let v(g) = -40*g - 12*g**2 + 39*g**2 + 104*g - 39*g - 29 - 33*g. What are the prime factors of v(-4)?
3, 5, 29
Suppose -3*u - 4*v = 270, 0*v - 80 = u - 2*v. Suppose 0 = 158*g - 143*g - 105. List the prime factors of 1/(-5) - u/10*g.
2, 3, 5
List the prime factors of 19522/2 + (-54 - -41).
2, 2437
Let l(d) = -5*d**2 - 24*d + 15. Let k be l(14). Let z = -913 - k. Suppose 0 = 26*f - 30*f + z. What are the prime factors of f?
97
Let p(z) = z**2 + 15. Let o be p(7). Let v = 15 + 3. Let s = o - v. What are the prime factors of s?
2, 23
Suppose 2156 = -4*o - 4*j, 3*o - 3*j + 2695 = -2*o. Let b = o + 994. List the prime factors of b.
5, 7, 13
Let d = -2552 - -6896. List the prime factors of d.
2, 3, 181
Suppose 1511380 = 1622*v - 1557*v. List the prime factors of v.
2, 5813
Let x(s) = 3*s + 73. Let v be x(-22). Suppose 0 = 3*q - v*q - 160. What are the prime factors of (-1314)/(-16) - (-5)/q?
2, 41
What are the prime factors of -6 - (0 + 3) - 1674981/(-99)?
2, 5, 19, 89
Let j be ((-2)/8)/(4/(-976)). Let u be 16/10 + (-6)/(-15). Suppose -u*d + j = -25. List the prime factors of d.
43
Suppose -a + 2173 = -4*k - 4065, -24900 = -4*a + 3*k. What are the prime factors of a?
2, 3, 17, 61
Let n = 1275 + -332. Suppose 2*h - n = 5*y, -12*h + 3*y = -16*h + 1873. What are the prime factors of h?
7, 67
Let v = -29 + 41. Let j be 1/(44/v + -4). List the prime factors of (-3)/18*158*j.
79
Suppose 3*d + 10*s - 27 = 7*s, -3*d - 5*s = -27. What are the prime factors of d/(-6) + (-1220)/(-8)?
151
Suppose 245*s - 240*s = -5. What are the prime factors of s - (-42)/(-6) - -270?
2, 131
Let a(x) = -16*x + 11*x**2 + 35*x**3 + 10*x**3 + 43 - 47. List the prime factors of a(2).
2, 23
Let p = 21184 - 14333. List the prime factors of p.
13, 17, 31
Let i = -6924 + 13444. Suppose 16*u = 22488 - i. List the prime factors of u.
2, 499
Let p = 17 + -13. Let z(f) = 24*f + 4. Let r be z(p). Let i = r + -37. What are the prime factors of i?
3, 7
Let d be (-18)/(-1)*(-2)/(-9) - -73. What are the prime factors of 46387/d + 9/(-21)?
2, 7, 43
Let u(m) = 3*m + 336. Suppose 67*o - 72*o = 0. What are the prime factors of u(o)?
2, 3, 7
Let g = 32 + -35. Let x be 9/(-6) + g/6 - 6. List the prime factors of x/12*(-243)/6.
3
Let l = 29940 + -22490. List the prime factors of l.
2, 5, 149
Suppose 83 = -3*i + 374. Suppose 5*k - i = 33. List the prime factors of k.
2, 13
Let c = 19128 + -11223. What are the prime factors of c?
3, 5, 17, 31
What are the prime factors of (-11)/(-44) + (-3)/8*(-47692)/6?
11, 271
Let i(s) = -2*s**3 - 2*s - 1 + 0*s**3 + s**3 - 2*s**2 - 7*s**3. Let z be i(-2). Suppose z = 3*m - 100. List the prime factors of m.
53
Let a(q) = -3*q - 22. Let d be a(-6). Let b(y) = -y + y + y**2 - 2*y + 5 - y**3 - 2*y**2. What are the prime factors of b(d)?
61
Suppose -49*x + 1484276 = 145*x - 1794712. List the prime factors of x.
2, 3, 313
Suppose -5 = -s, -2*s = 3*y - 4*s + 1711. Let k = -319 - y. List the prime factors of k.
2, 31
Let r = 11654 - -18847. What are the prime factors of r?
3, 3389
Let y = 30193 - -11605. What are the prime factors of y?
2, 20899
Let d = -1969 - -3175. Suppose -3601 = -23*v + d. List the prime factors of v.
11, 19
Let x(i) = -i - 6. Let z be x(-8). Let d(k) = -3*k**2 - 9*k - 5 + 11*k + 4*k**z. List the prime factors of d(9).
2, 47
Let z(f) = -f**3 + 19*f**2 - 13*f + 33. Suppose s - 4*c + 40 = 5*s, 5*s - 2*c = 78. What are the prime factors of z(s)?
3, 277
Suppose -3*r + 3 + 24 = 3*k, -r + 3*k - 11 = 0. List the prime factors of 2*8/r - 3 - -314.
3, 5, 7
Let k = -3792 + 17359. List the prime factors of k.
13567
Suppose n - 34062 = -4*b, 0 = -b + 71*n - 74*n + 8510. List the prime factors of b.
2, 2129
Suppose -5*o = -22 - 28. Let a(v) be the second derivative of -v**4/12 + 8*v**3/3 + 7*v**2/2 - 192*v. List the prime factors of a(o).
67
Let h = 9713 + -4690. List the prime factors of h.
5023
Let h = 5357 + -1495. What are the prime factors of h?
2, 1931
Let s(y) = -1238*y + 7. List the prime factors of s(-2).
13, 191
Let j(a) = 46*a - 6. Let y(k) = -k**3 - 15*k**2 - 13*k + 28. Let t be y(-14). What are the prime factors of j(t)?
2, 11, 29
Let k be 2*(-1)/10 - 9/(-45). Suppose -3*s + 764 + 334 = -3*z, k = -3*s - 3*z + 1086. List the prime factors of s.
2, 7, 13
Suppose -2*t + 116*l = 121*l - 105574, 5*t + 2*l - 263893 = 0. List the prime factors of t.
89, 593
Suppose 3*h = -5*o + 5*h - 20160, 4*o = h - 16125. List the prime factors of o/(-8) + 2/8.
2, 3, 7
List the prime factors of (12/(-20))/(1 + 0) + 11236/10.
1123
Suppose -4*s + 18501 + 10947 = 0. Suppose s = 40*f - 22*f. List the prime factors of f.
409
Let c be 17/((-1)/8*-2). Suppose c = -y - y. What are the prime factors of -5 - y - (3 + 1)?
5
Let u = 160 - 460. Let t = u - 17. Let w = -151 - t. List the prime factors of w.
2, 83
Suppose 2*x - 6*p - 14 = -2*p, 36 = 4*x - 4*p. Let d be (-3)/36 - (5 + 40084/(-48)). Suppose -2370 = -x*a - d. List the prime factors of a.
2, 5, 7
Let c(y) = -2*y - 26. Let f be c(-12). Let z be (-4 + 4)*1/f. Suppose 4*j - 20 = z, 5*p - 7*p = -3*j - 125. List the prime factors of p.
2, 5, 7
Let j(v) = v**3 + 24*v**2 - 13*v + 16. Let g = 79 + -102. What are the prime factors of j(g)?
2, 211
Let o = 144 - 544. Let s = o - -465. List the prime factors of s.
5, 13
Let p = -44605 + 77989. List the prime factors of p.
2, 3, 13, 107
Let d = -2918 - -72251. What are the prime factors of d?
3, 11, 191
Let u(z) = z**3 + 6*z**2 - 17*z. Let p(n) = -10*n + 12. Suppose 4*j - 3*x = -1, 1 = -5*j - x + 14. Let m be p(j). What are the prime factors of u(m)?
2
Let w(o) = -37*o - 61. Let j be w(-2). Suppose 0 = 5*l + 4*a - 1752, 11*l + 711 = j*l + 5*a. What are the prime factors of l?
2, 3, 29
List the prime factors of 7 + 47918 - (-12)/10*(-75)/45.
17, 2819
Let w = 204 + 1224. Suppose -x + 3*v + 704 = 0, 8*x - 2*v - w = 6*x. List the prime factors of x.
719
Let p = -72020 + 108884. List the prime factors of p.
2, 3
Suppose -26*c = -25967 - 425835. What are the prime factors of c?
17377
Suppose 6*s = -0*s + 1830. Let r = s + 118. List the prime factors of r.
3, 47
Suppose 8*d = 152 - 104. Suppose -2*q - 974 = -4*i, 246 = 7*i - d*i - 3*q. List the prime factors of i.
3
Suppose 38*o - 1107 = 47*o. List the prime factors of 1216/114*o/(-2).
2, 41
Let m = -3065 + 3794. List the prime factors of m.
3
Let p be 17/((-119)/(-98)) - 5. Suppose 3*z = p*z - 4038. List the prime factors of z.
673
Let p = -704 - 32. List the p